{"id":31,"date":"2018-09-27T22:58:06","date_gmt":"2018-09-28T01:58:06","guid":{"rendered":"http:\/\/mixbrasil.org.br\/23\/?page_id=31"},"modified":"2018-09-27T22:58:56","modified_gmt":"2018-09-28T01:58:56","slug":"juri","status":"publish","type":"page","link":"https:\/\/old.mixbrasil.org.br\/23\/juri\/","title":{"rendered":"J\u00fari"},"content":{"rendered":"<table>\n<tbody>\n<tr>\n<td style=\"background-color: #ffffff;\">\n<table border=\"0\" width=\"580\" cellspacing=\"1\" cellpadding=\"8\" align=\"center\" bgcolor=\"#ffffff\">\n<tbody>\n<tr>\n<td class=\"tit\" valign=\"middle\" width=\"572\">\n<h1><img loading=\"lazy\" decoding=\"async\" src=\"http:\/\/anteriores.mixbrasil.org.br\/2015\/images\/spacer.gif\" alt=\"\" width=\"24\" height=\"1\" border=\"0\" \/>J\u00daRI<\/h1>\n<\/td>\n<\/tr>\n<\/tbody>\n<\/table>\n<table style=\"height: 2570px;\" border=\"0\" width=\"703\" cellspacing=\"1\" cellpadding=\"12\" align=\"center\" bgcolor=\"#fff\">\n<tbody>\n<tr>\n<td style=\"width: 684px;\" valign=\"top\" bgcolor=\"#fff\"><img loading=\"lazy\" decoding=\"async\" src=\"http:\/\/anteriores.mixbrasil.org.br\/2015\/images\/spacer.gif\" alt=\"\" width=\"1\" height=\"5\" border=\"0\" \/><br \/>\n<span class=\"sub\">J\u00daRI COMPETITIVA BRASIL &#8211; CURTAS<\/span><\/p>\n<table border=\"0\" cellspacing=\"0\" cellpadding=\"0\">\n<tbody>\n<tr>\n<td valign=\"top\" width=\"46%\"><img loading=\"lazy\" decoding=\"async\" src=\"http:\/\/anteriores.mixbrasil.org.br\/2015\/images\/juri\/wieland.jpg\" alt=\"\" width=\"110\" height=\"110\" align=\"left\" border=\"0\" hspace=\"10\" vspace=\"5\" \/><span class=\"men\">WIELAND SPECK<\/span><br \/>\n<img loading=\"lazy\" decoding=\"async\" src=\"http:\/\/anteriores.mixbrasil.org.br\/2015\/images\/spacer.gif\" alt=\"\" width=\"1\" height=\"3\" border=\"0\" \/><br \/>\nCurador do Panorama do Festival de Berlim desde 1992. Speck nasceu em Freiburg em 1951 e vive em Berlim desde 1972. Estudou Literatura Alem\u00e3, Arte Dram\u00e1tica e Etnologia na Universidade Livre de Berlim. Ent\u00e3o, come\u00e7ou a trabalhar em projetos de v\u00eddeo e cinema e foi tamb\u00e9m escritor e editor; em seu trabalho, ele se concentra no movimento dos homens e na identidade homossexual. Al\u00e9m disso, tem trabalhado como ator para v\u00e1rios aclamados diretores de cinema e por muitos anos foi diretor do \u201cTali\u201d, um cinema de arte independente em Berlim-Kreuzberg. Como diretor, come\u00e7ou com v\u00e1rios document\u00e1rios em v\u00eddeo. A partir de 1979-1981, estudou cinema no Instituto de Artes de S\u00e3o Francisco. \u00c9 diretor, autor e produtor de v\u00e1rias produ\u00e7\u00f5es de TV e cinema e trabalhou para v\u00e1rias institui\u00e7\u00f5es e eventos de cinema, entre eles o Filmhaus Berlim e o Festival Europeu de Curta-Metragens. Speck tamb\u00e9m lecionou em universidades e institutos de cinema.<\/td>\n<td width=\"8%\"><\/td>\n<td valign=\"top\" width=\"46%\"><img loading=\"lazy\" decoding=\"async\" src=\"http:\/\/anteriores.mixbrasil.org.br\/2015\/images\/juri\/daniela.jpg\" alt=\"\" width=\"110\" height=\"110\" align=\"left\" border=\"0\" hspace=\"10\" vspace=\"5\" \/><span class=\"men\">DANIELA SEA<\/span><br \/>\n<img loading=\"lazy\" decoding=\"async\" src=\"http:\/\/anteriores.mixbrasil.org.br\/2015\/images\/spacer.gif\" alt=\"\" width=\"1\" height=\"3\" border=\"0\" \/><br \/>\nAtivista LGBTQI, cineasta e atxr, atua no cinema, na performance e na m\u00fasica. Aos 16 anos, saiu de casa em busca de maneiras diferentes, e pr\u00f3prias, de estar no mundo \u2013 jornada que levou, por exemplo, \u00e0 experi\u00eancia de viver como um homem durante seis meses na \u00cdndia. A fama veio por pap\u00e9is como o do homem transexual Moira\/Max Sweeney, no seriado de TV The L Word, e tamb\u00e9m pela participa\u00e7\u00e3o no filme Shortbus (2006), do diretor John Cameron Mitchell. Em 2011, retomou a parceria com Mitchell no curta-metragem Lady Dior, produzido para a grife francesa Christian Dior. Ainda no cinema, trabalha atualmente na produ\u00e7\u00e3o de um filme e de um document\u00e1rio. Em colabora\u00e7\u00e3o com o m\u00fasico Will Schwartz (das bandas Imperial Teen e Hey Willpower), apresenta-se em galerias, teatros e museus em Los Angeles.<\/td>\n<\/tr>\n<tr>\n<td colspan=\"3\" height=\"15\"><\/td>\n<\/tr>\n<tr>\n<td colspan=\"3\">\n<table width=\"100%\" cellspacing=\"0\" cellpadding=\"0\">\n<tbody>\n<tr>\n<td bgcolor=\"#fff\" width=\"100%\" height=\"1\"><img loading=\"lazy\" decoding=\"async\" src=\"http:\/\/anteriores.mixbrasil.org.br\/2015\/images\/spacer.gif\" alt=\"\" width=\"1\" height=\"1\" border=\"0\" \/><\/td>\n<\/tr>\n<\/tbody>\n<\/table>\n<\/td>\n<\/tr>\n<tr>\n<td colspan=\"3\" height=\"15\"><\/td>\n<\/tr>\n<tr>\n<td colspan=\"3\" valign=\"top\" width=\"46%\"><img loading=\"lazy\" decoding=\"async\" src=\"http:\/\/anteriores.mixbrasil.org.br\/2015\/images\/juri\/kiko.jpg\" alt=\"\" width=\"110\" height=\"110\" align=\"left\" border=\"0\" hspace=\"10\" vspace=\"5\" \/><span class=\"men\">KIKO GOIFMAN<\/span><br \/>\n<img loading=\"lazy\" decoding=\"async\" src=\"http:\/\/anteriores.mixbrasil.org.br\/2015\/images\/spacer.gif\" alt=\"\" width=\"1\" height=\"3\" border=\"0\" \/><br \/>\n\u00c9 antrop\u00f3logo, formado pela Universidade Federal de Minas Gerais (UFMG). \u00c9 Mestre em Multimeios pela Universidade Estadual de Campinas (Unicamp). Autor do livro e CD-ROM Valetes em Slow-Motion (1998), ganhador do 7\u00ba Grand Prix M\u00f6bius em Paris, e obra do acervo do Centro Georges Pompidou. Dirigiu os longas: 33 (2004), exibido em Locarno, Roterd\u00e3 e Pr\u00eamio de Melhor Roteiro no Cinema Paulista FIESP\/SESI; Atos dos Homens (2006), exibido no Festival de Berlim e Melhor Document\u00e1rio no Festival de Nantes (2006); Filmefobia (2008), Festival de Locarno e Grande Vencedor do Festival de Bras\u00edlia e Olhe Pra Mim de Novo (2011), Pr\u00eamio Especial do J\u00fari no festival do Rio do mesmo ano, e exibido no Festival de Berlim em 2012. Recebeu homenagens e retrospectivas de seus trabalhos no Festival de Cinema de Tiradentes, Mostra do Audiovisual Paulista, Festival de Toulouse, Festival de Santa Maria da Feira e Festival de Tampere. Em outubro de 2013, na Competi\u00e7\u00e3o principal do Festival do Rio, lan\u00e7ou o longa-metragem de fic\u00e7\u00e3o Perisc\u00f3pio.<\/td>\n<\/tr>\n<tr>\n<td colspan=\"3\" height=\"15\"><\/td>\n<\/tr>\n<tr>\n<td colspan=\"3\">\n<table width=\"100%\" cellspacing=\"0\" cellpadding=\"0\">\n<tbody>\n<tr>\n<td bgcolor=\"#fff\" width=\"100%\" height=\"1\"><img loading=\"lazy\" decoding=\"async\" src=\"http:\/\/anteriores.mixbrasil.org.br\/2015\/images\/spacer.gif\" alt=\"\" width=\"1\" height=\"1\" border=\"0\" \/><\/td>\n<\/tr>\n<\/tbody>\n<\/table>\n<\/td>\n<\/tr>\n<tr>\n<td colspan=\"3\" height=\"15\"><\/td>\n<\/tr>\n<\/tbody>\n<\/table>\n<p><strong><span class=\"sub\">J\u00daRI COMPETITIVA BRASIL &#8211; LONGAS<\/span><\/strong><\/p>\n<table border=\"0\" cellspacing=\"0\" cellpadding=\"0\">\n<tbody>\n<tr>\n<td valign=\"top\" width=\"46%\"><img loading=\"lazy\" decoding=\"async\" src=\"http:\/\/anteriores.mixbrasil.org.br\/2015\/images\/juri\/silvia.jpg\" alt=\"\" width=\"110\" height=\"110\" align=\"left\" border=\"0\" hspace=\"10\" vspace=\"5\" \/><span class=\"men\">SILVIA LOUREN\u00c7O<\/span><br \/>\n<img loading=\"lazy\" decoding=\"async\" src=\"http:\/\/anteriores.mixbrasil.org.br\/2015\/images\/spacer.gif\" alt=\"\" width=\"1\" height=\"3\" border=\"0\" \/><br \/>\nFormada pelo diretor teatral Antunes Filho, a atriz paulistana estreou no cinema em 2004 com o longa metragem \u201cContra Todos\u201d. O filme dirigido por Roberto Moreira lhe rendeu v\u00e1rios pr\u00eamios nacionais e internacionais. Na sequ\u00eancia vieram outras produ\u00e7\u00f5es como \u201cO Cheiro do Ralo\u201d, \u201cQuer\u00f4\u201d, \u201cO homem das Multid\u00f5es\u201d entre outros. Na tev\u00ea integrou o elenco de diversos seriados: \u201cAlice\u201d dirigido pelos cineastas Karim Ainouz e S\u00e9rgio Machado, a policial \u201cBipolar\u201d, \u201cAs Canalhas\u201d dirigida por Anna Muylaert, al\u00e9m das globais \u201cFelizes Para Sempre\u201d e \u201cOs Experientes\u201d, ambas dirigidas por Fernando Meirelles. Paralelamente, Silvia participou de importantes produ\u00e7\u00f5es teatrais: \u201cPr\u00eat\u2013\u00e0\u2013Porter\u201d (integrou o elenco das temporadas 1, 2 e 3 do projeto coordenado por Antunes Filho), \u201cEssa nossa Juventude\u201d, dirigida pela cineasta La\u00eds Bodansky e \u201cAs Meninas\u201d, adapta\u00e7\u00e3o in\u00e9dita de Maria Adelaide Amaral para o romance de Lygia Fagundes Telles dirigida por Yara de Novaes. S\u00edlvia tamb\u00e9m desenvolve trabalhos como roteirista e j\u00e1 colaborou em diversas produ\u00e7\u00f5es, como o desenvolvimento do longa de Luiz Bolognese \u201cUma hist\u00f3ria de Amor e F\u00faria\u201d, do longa \u201cAs Melhores Coisas do Mundo\u201d dirigido La\u00eds Bodansky; a s\u00e9rie documental \u201cNovas Fam\u00edlias\u201d dirigida por Jo\u00e3o Jardim; o longa \u201cInsubordinados\u201d dirigido por Edu Felistoque; e a s\u00e9rie ainda in\u00e9dita \u201cCondom\u00ednio Jaqueline\u201d produzida pela Cora\u00e7\u00e3o da Selva.<\/td>\n<td width=\"8%\"><\/td>\n<td valign=\"top\" width=\"46%\"><img loading=\"lazy\" decoding=\"async\" src=\"http:\/\/anteriores.mixbrasil.org.br\/2015\/images\/juri\/gustavo.jpg\" alt=\"\" width=\"110\" height=\"110\" align=\"left\" border=\"0\" hspace=\"10\" vspace=\"5\" \/><span class=\"men\">GUSTAVO VINAGRE<\/span><br \/>\n<img loading=\"lazy\" decoding=\"async\" src=\"http:\/\/anteriores.mixbrasil.org.br\/2015\/images\/spacer.gif\" alt=\"\" width=\"1\" height=\"3\" border=\"0\" \/><br \/>\nNasceu em 1985 e estudou cinema na EICTV (Cuba) e Letras na Universidade de S\u00e3o Paulo (Brasil). Seu curta metragem \u201cFilme para Poeta Cego\u201d estreou em Rotterdam em 2013. Tamb\u00e9m dirigiu o curta-metragem \u201cLa Llamada\u201d, vencedor do pr\u00eamio de melhor dire\u00e7\u00e3o e melhor fotografia em Gramado, e o m\u00e9dia-metragem \u201cNova Dubai\u201d, que estreou em Rotterdam 2015. Atualmente, trabalha na finaliza\u00e7\u00e3o de \u201cM\u00e3os que Curam\u201d, e na edi\u00e7\u00e3o do document\u00e1rio \u201cWil, m\u00e1\u201d e do curta de fic\u00e7\u00e3o \u201cChutes\u201d.<img loading=\"lazy\" decoding=\"async\" src=\"http:\/\/anteriores.mixbrasil.org.br\/2015\/images\/juri\/pri.jpg\" alt=\"\" width=\"110\" height=\"110\" align=\"left\" border=\"0\" hspace=\"10\" vspace=\"5\" \/><span class=\"men\">PRI BERTUCCI<\/span><br \/>\n<img loading=\"lazy\" decoding=\"async\" src=\"http:\/\/anteriores.mixbrasil.org.br\/2015\/images\/spacer.gif\" alt=\"\" width=\"1\" height=\"3\" border=\"0\" \/><br \/>\nArtista social e multim\u00eddia, identifica-se como Gender Queer. Trabalhou em cinema e publicidade, como assistente de dire\u00e7\u00e3o de arte em filmes nacionais e internacionais. Atua como VJ e j\u00e1 apresentou suas performances visuais em eventos e festivais no Brasil, Fran\u00e7a e Estados Unidos. \u00c9 fundadorx da Kumba Films, produz e dirige document\u00e1rios ao redor do mundo. Fundou tamb\u00e9m o projeto [SSEX BBOX] que atua em San Francisco, S\u00e3o Paulo, Berlim e Barcelona, e repercutiu internacionalmente.<\/td>\n<\/tr>\n<\/tbody>\n<\/table>\n<\/td>\n<\/tr>\n<\/tbody>\n<\/table>\n<\/td>\n<\/tr>\n<\/tbody>\n<\/table>\n","protected":false},"excerpt":{"rendered":"<p>J\u00daRI J\u00daRI COMPETITIVA BRASIL &#8211; CURTAS WIELAND SPECK Curador do Panorama do Festival de Berlim desde 1992. Speck nasceu em Freiburg em 1951 e vive em Berlim desde 1972. Estudou Literatura Alem\u00e3, Arte Dram\u00e1tica e Etnologia na Universidade Livre de Berlim. Ent\u00e3o, come\u00e7ou a trabalhar em projetos de v\u00eddeo e cinema e foi tamb\u00e9m escritor &hellip;<\/p>\n","protected":false},"author":3,"featured_media":0,"parent":0,"menu_order":0,"comment_status":"closed","ping_status":"closed","template":"","meta":{"footnotes":""},"class_list":["post-31","page","type-page","status-publish","hentry"],"_links":{"self":[{"href":"https:\/\/old.mixbrasil.org.br\/23\/wp-json\/wp\/v2\/pages\/31","targetHints":{"allow":["GET"]}}],"collection":[{"href":"https:\/\/old.mixbrasil.org.br\/23\/wp-json\/wp\/v2\/pages"}],"about":[{"href":"https:\/\/old.mixbrasil.org.br\/23\/wp-json\/wp\/v2\/types\/page"}],"author":[{"embeddable":true,"href":"https:\/\/old.mixbrasil.org.br\/23\/wp-json\/wp\/v2\/users\/3"}],"replies":[{"embeddable":true,"href":"https:\/\/old.mixbrasil.org.br\/23\/wp-json\/wp\/v2\/comments?post=31"}],"version-history":[{"count":1,"href":"https:\/\/old.mixbrasil.org.br\/23\/wp-json\/wp\/v2\/pages\/31\/revisions"}],"predecessor-version":[{"id":32,"href":"https:\/\/old.mixbrasil.org.br\/23\/wp-json\/wp\/v2\/pages\/31\/revisions\/32"}],"wp:attachment":[{"href":"https:\/\/old.mixbrasil.org.br\/23\/wp-json\/wp\/v2\/media?parent=31"}],"curies":[{"name":"wp","href":"https:\/\/api.w.org\/{rel}","templated":true}]}}