{"id":2009,"date":"2017-11-15T10:29:28","date_gmt":"2017-11-15T12:29:28","guid":{"rendered":"http:\/\/mixbrasil.org.br\/?page_id=2009"},"modified":"2017-11-20T16:23:33","modified_gmt":"2017-11-20T18:23:33","slug":"programacao-2o-mixlab-spcine","status":"publish","type":"page","link":"https:\/\/old.mixbrasil.org.br\/25\/programacao-2o-mixlab-spcine\/","title":{"rendered":"PROGRAMA\u00c7\u00c3O 2\u00ba MIXLAB SPCINE"},"content":{"rendered":"<h1><b>Dia 17 de novembro: Encontros<\/b><\/h1>\n<p>&nbsp;<\/p>\n<div><b>11h Encontros: Gus Van Sant<\/b><\/div>\n<div><b>Com Gus Van Sant<\/b><\/div>\n<div><strong>Centro Cultural S\u00e3o Paulo &#8211; Sala Jardel Filho<\/strong><\/div>\n<p><span style=\"font-weight: 400;\">Para abrir o 2\u00ba MixLab Spcine nada melhor do que um dos diretores mais importantes do cinema contempor\u00e2neo. Gus Van Sant vai abordar os principais aspectos da sua trajet\u00f3ria.<\/span><\/p>\n<p>&nbsp;<\/p>\n<h1><b>Dia 21 de novembro: Debates<\/b><\/h1>\n<p>&nbsp;<\/p>\n<div><b>10h Apresenta\u00e7\u00f5es<\/b><\/div>\n<div><strong>Centro Cultural S\u00e3o Paulo &#8211; Sala Jardel Filho<\/strong><\/div>\n<p>&nbsp;<\/p>\n<p><span style=\"font-weight: 400;\">A abertura do 2\u00ba MixLab Spcine prop\u00f5e uma apresenta\u00e7\u00e3o de todos os convidados participantes do Lab. Nela, convidamos todos participantes a apresentar, de forma breve e sucinta, a si e a obra ou institui\u00e7\u00e3o que representa no Festival.<\/span><\/p>\n<p>&nbsp;<\/p>\n<div><b>11h Dire\u00e7\u00e3o: Desafios da Realiza\u00e7\u00e3o Contempor\u00e2nea<\/b><\/div>\n<div><b>Com Esmir Filho, Luciana Canton, Travis Mathews<\/b><\/div>\n<div><strong>Centro Cultural S\u00e3o Paulo &#8211; Sala Jardel Filho<\/strong><\/div>\n<p>&nbsp;<\/p>\n<p><span style=\"font-weight: 400;\">O MixLab Spcine recebe realizadores para discutir o processo de produ\u00e7\u00e3o, distribui\u00e7\u00e3o e exibi\u00e7\u00e3o no Brasil e no exterior. Os cineastas, com filmes exibidos em v\u00e1rios festivais pelo mundo, podem comentar as diferentes realidades audiovisuais sob diferentes perspectivas, em diversos pa\u00edses e ind\u00fastrias.<\/span><\/p>\n<p>&nbsp;<\/p>\n<div><strong>13h30 Festivais: Curadoria<\/strong><\/div>\n<div><strong>Com Magali Simard, Maria Abdalla, Pavel Cort\u00e9s Almanzar<\/strong><\/div>\n<div><strong>Centro Cultural S\u00e3o Paulo &#8211; Sala Jardel Filho<\/strong><\/div>\n<p>&nbsp;<\/p>\n<p>Pelo segundo ano, o MixLab Spcine promove um painel que re\u00fane representantes dos principais festivais de cinema pelo mundo. Uma oportunidade para todas e todos realizadores audiovisuais conhecer informa\u00e7\u00f5es sobre inscri\u00e7\u00e3o, sele\u00e7\u00e3o e os principais crit\u00e9rios dos festivais.<\/p>\n<p>&nbsp;<\/p>\n<div><strong>15h Dire\u00e7\u00e3o de Fotografia: Olhar de Fala<\/strong><\/div>\n<div><strong>Com Bruno Risas, Flora Dias<\/strong><\/div>\n<div><strong>Centro Cultural S\u00e3o Paulo &#8211; Sala Jardel Filho<\/strong><\/div>\n<p>&nbsp;<\/p>\n<p>Como transformar uma ideia em uma imagem (em movimento)? O MixLab Spcine re\u00fane dois importantes diretores de fotografia do cinema contempor\u00e2neo que trabalham tanto em curtas quanto em longas metragens para discutir o papel do profissional no processo criativo do filme.<\/p>\n<p>&nbsp;<\/p>\n<div><strong>19h30 Cinema da Vela: Cinema de Inclus\u00e3o<\/strong><\/div>\n<div><strong>Com\u00a0Bruno Ribeiro, Carol Rodrigues, Guilherme Genestreti<\/strong><\/div>\n<div><strong>CineSesc &#8211; Foyer<\/strong><\/div>\n<p>O Cinema da Vela ir\u00e1 discutir inclus\u00e3o no cinema e no audiovisual e a representatividade de personagens negras e perif\u00e9ricas no audiovisual, em especial no cinema LGBTQ. Entre as quest\u00f5es a serem levantadas na discuss\u00e3o est\u00e3o autoria, poder de fala e espa\u00e7os de exibi\u00e7\u00e3o.<\/p>\n<p>&nbsp;<\/p>\n<h1><b>Dia 22 de novembro: Encontros: Pain\u00e9is<\/b><\/h1>\n<p>&nbsp;<\/p>\n<div><strong>10h Parcerias: O Cinema de S\u00e3o Paulo<\/strong><\/div>\n<div><strong>Com Renato Nery, Tammy Weiss<\/strong><\/div>\n<div><strong>Centro Cultural S\u00e3o Paulo &#8211; Sala Jardel Filho<\/strong><\/div>\n<p>&nbsp;<\/p>\n<p>Uma conversa sobre mercado com quem mais entende do setor audiovisual em S\u00e3o Paulo \u2013 a Spcine. No 2\u00ba MixLab, o Diretor Executivo da Spcine, Renato Nery, e Tammy Weiss, Coordenadora do S\u00e3o Paulo Film Commission, apresentam os v\u00e1rios projetos da Spcine para o audiovisual.<\/p>\n<p>&nbsp;<\/p>\n<div><strong>11h Projetos: Desenvolvimento e Apresenta\u00e7\u00e3o<\/strong><\/div>\n<div><strong>Com Rafael Sampaio<\/strong><\/div>\n<div><strong>Centro Cultural S\u00e3o Paulo &#8211; Sala Jardel Filho<\/strong><\/div>\n<p>&nbsp;<\/p>\n<p>Uma apresenta\u00e7\u00e3o e conversa em torno do BRLab, maior laborat\u00f3rio de desenvolvimento de projetos audiovisuais no Brasil e que recebe projetos de toda Am\u00e9rica Latina e Peninsula Ib\u00e9rica.<\/p>\n<p>&nbsp;<\/p>\n<div><strong>11h30 Exibi\u00e7\u00e3o: Al\u00e9m da Sala de Cinema<\/strong><\/div>\n<div><strong>Com Carolina Pasquali, Damian Pelliccione<\/strong><\/div>\n<div><strong>Centro Cultural S\u00e3o Paulo &#8211; Sala Jardel Filho<\/strong><\/div>\n<p>&nbsp;<\/p>\n<p>Atualmente, a sala de cinema \u00e9 apenas uma das muitas plataformas de exibi\u00e7\u00e3o dispon\u00edvel para produtores de imagens em movimento. A mesa apresentar\u00e1 dois casos de plataformas de distribui\u00e7\u00e3o atrav\u00e9s de streaming: REVRY e VIDEOCAMP.<\/p>\n<p>&nbsp;<\/p>\n<div><strong>12h30 M\u00eddias: Novas ferramentas de distribui\u00e7\u00e3o<\/strong><\/div>\n<div><strong>Com Z\u00e9 Agripino<\/strong><\/div>\n<div><strong>Centro Cultural S\u00e3o Paulo &#8211; Sala Jardel Filho<\/strong><\/div>\n<p>&nbsp;<\/p>\n<p>Como fazer filmes e obras audiovisuais chegarem a um p\u00fablico que cada vez est\u00e1 mais conectado? A mesa apresenta novas ferramentas usadas em estrat\u00e9gias de comunica\u00e7\u00e3o e distribui\u00e7\u00e3o, auxiliando a promover um di\u00e1logo entre realizadores e p\u00fablico.<\/p>\n<p>&nbsp;<\/p>\n","protected":false},"excerpt":{"rendered":"<p>Dia 17 de novembro: Encontros &nbsp; 11h Encontros: Gus Van Sant Com Gus Van Sant Centro Cultural S\u00e3o Paulo &#8211; Sala Jardel Filho Para abrir o 2\u00ba MixLab Spcine nada melhor do que um dos diretores mais importantes do cinema contempor\u00e2neo. Gus Van Sant vai abordar os principais aspectos da sua trajet\u00f3ria. &nbsp; Dia 21 &hellip;<\/p>\n","protected":false},"author":14,"featured_media":0,"parent":0,"menu_order":0,"comment_status":"closed","ping_status":"closed","template":"","meta":{"footnotes":""},"class_list":["post-2009","page","type-page","status-publish","hentry"],"_links":{"self":[{"href":"https:\/\/old.mixbrasil.org.br\/25\/wp-json\/wp\/v2\/pages\/2009","targetHints":{"allow":["GET"]}}],"collection":[{"href":"https:\/\/old.mixbrasil.org.br\/25\/wp-json\/wp\/v2\/pages"}],"about":[{"href":"https:\/\/old.mixbrasil.org.br\/25\/wp-json\/wp\/v2\/types\/page"}],"author":[{"embeddable":true,"href":"https:\/\/old.mixbrasil.org.br\/25\/wp-json\/wp\/v2\/users\/14"}],"replies":[{"embeddable":true,"href":"https:\/\/old.mixbrasil.org.br\/25\/wp-json\/wp\/v2\/comments?post=2009"}],"version-history":[{"count":4,"href":"https:\/\/old.mixbrasil.org.br\/25\/wp-json\/wp\/v2\/pages\/2009\/revisions"}],"predecessor-version":[{"id":2130,"href":"https:\/\/old.mixbrasil.org.br\/25\/wp-json\/wp\/v2\/pages\/2009\/revisions\/2130"}],"wp:attachment":[{"href":"https:\/\/old.mixbrasil.org.br\/25\/wp-json\/wp\/v2\/media?parent=2009"}],"curies":[{"name":"wp","href":"https:\/\/api.w.org\/{rel}","templated":true}]}}